8216?
9
What is the millions digit of 43280071?
3
What is the tens digit of 158532230?
3
What is the thousands digit of 538448263?
8
What is the units digit of 2826856476?
6
What is the hundred thousands digit of 516687993?
6
What is the hundreds digit of 86607205?
2
What is the tens digit of 212042142?
4
What is the tens digit of 2020253817?
1
What is the millions digit of 51348754?
1
What is the hundred millions digit of 217385460?
2
What is the hundred millions digit of 196898225?
1
What is the thousands digit of 129124230?
4
What is the millions digit of 160331126?
0
What is the hundreds digit of 27126904?
9
What is the thousands digit of 823449468?
9
What is the units digit of 415441504?
4
What is the thousands digit of 1574023951?
3
What is the thousands digit of 513168422?
8
What is the hundred thousands digit of 6459586?
4
What is the ten thousands digit of 494384219?
8
What is the hundred thousands digit of 84292521?
2
What is the tens digit of 282987938?
3
What is the thousands digit of 86949526?
9
What is the thousands digit of 727584484?
4
What is the millions digit of 1607959680?
7
What is the hundreds digit of 170710959?
9
What is the hundreds digit of 920218916?
9
What is the millions digit of 69474556?
9
What is the ten millions digit of 45400477?
4
What is the hundreds digit of 28689291?
2
What is the ten millions digit of 2869557099?
6
What is the tens digit of 48411365?
6
What is the millions digit of 239986637?
9
What is the ten thousands digit of 672084236?
8
What is the hundred millions digit of 1234853516?
2
What is the hundred millions digit of 615891650?
6
What is the millions digit of 607282570?
7
What is the millions digit of 6094265?
6
What is the millions digit of 127701696?
7
What is the hundreds digit of 1037012724?
7
What is the units digit of 755349893?
3
What is the hundreds digit of 57595498?
4
What is the ten millions digit of 98108381?
9
What is the hundreds digit of 3154658395?
3
What is the hundreds digit of 854027061?
0
What is the hundred thousands digit of 20382153?
3
What is the hundred millions digit of 6778133281?
7
What is the units digit of 25790012?
2
What is the ten millions digit of 136890272?
3
What is the hundreds digit of 565736284?
2
What is the tens digit of 95459161?
6
What is the thousands digit of 125191678?
1
What is the billions digit of 1363839601?
1
What is the hundreds digit of 406394946?
9
What is the thousands digit of 249344144?
4
What is the hundred thousands digit of 1577834146?
8
What is the units digit of 607434490?
0
What is the ten thousands digit of 637315267?
1
What is the hundred thousands digit of 65652045?
6
What is the thousands digit of 135676515?
6
What is the ten thousands digit of 71690606?
9
What is the units digit of 112456817?
7
What is the millions digit of 6563060?
6
What is the hundreds digit of 62180744?
7
What is the hundred millions digit of 4881443689?
8
What is the thousands digit of 40442183?
2
What is the ten millions digit of 108604289?
0
What is the ten thousands digit of 1083383440?
8
What is the ten thousands digit of 1049291993?
9
What is the hundred thousands digit of 74868260?
8
What is the ten thousands digit of 11019439?
1
What is the millions digit of 121330143?
1
What is the ten thousands digit of 2191608?
9
What is the hundreds digit of 2042771400?
4
What is the thousands digit of 1087012766?
2
What is the hundreds digit of 536410928?
9
What is the ten thousands digit of 490980955?
8
What is the tens digit of 993424061?
6
What is the millions digit of 1512387215?
2
What is the tens digit of 321904805?
0
What is the hundred millions digit of 131441350?
1
What is the thousands digit of 70924444?
4
What is the tens digit of 362254627?
2
What is the units digit of 110969455?
5
What is the thousands digit of 1785432006?
2
What is the hundred thousands digit of 10563499?
5
What is the hundred thousands digit of 8744472?
7
What is the units digit of 72229231?
1
What is the hundreds digit of 31592059?
0
What is the billions digit of 4263516270?
4
What is the hundred thousands digit of 4056832102?
8
What is the hundred millions digit of 116847798?
1
What is the thousands digit of 56635587?
5
What is the ten thousands digit of 2645998273?
9
What is the hundred millions digit of 172108412?
1
What is the thousands digit of 245980287?
0
What is the hundred thousands digit of 2417760390?
7
What is the units digit of 369466700?
0
What is the tens digit of 624206033?
3
What is the units digit of 31630320?
0
What is the ten millions digit of 20645124?
2
What is the units digit of 729965612?
2
What is the hundred thousands digit of 1353303474?
3
What is the hundred millions digit of 2990749628?
9
What is the hundreds digit of 9750049?
0
What is the ten thousands digit of 1276919953?
1
What is the ten thousands digit of 664977060?
7
What is the ten thousands digit of 7303567694?
6
What is the ten thousands digit of 967735609?
3
What is the thousands digit of 1217769224?
9
What is the ten millions digit of 109120960?
0
What is the units digit of 913262035?
5
What is the ten millions digit of 14121975?
1
What is the thousands digit of 291446649?
6
What is the ten thousands digit of 31321344?
2
What is the thousands digit of 911401634?
1
What is the thousands digit of 223732636?
2
What is the thousands digit of 258884617?
4
What is the hundred thousands digit of 68488792?
4
What is the tens digit of 26093665?
6
What is the tens digit of 79987077?
7
What is the tens digit of 78711192?
9
What is the hundreds digit of 5626483840?
8
What is the hundreds digit of 42131373?
3
What is the tens digit of 3533380315?
1
What is the thousands digit of 1422797265?
7
What is the ten millions digit of 13762495?
1
What is the hundred thousands digit of 2850385634?
3
What is the tens digit of 982251378?
7
What is the hundreds digit of 336279328?
3
What is the units digit of 492614690?
0
What is the ten millions digit of 407048898?
0
What is the thousands digit of 1512190823?
0
What is the hundred millions digit of 6218693812?
2
What is the hundred thousands digit of 1055617097?
6
What is the thousands digit of 211531757?
1
What is the hundred thousands digit of 581090388?
0
What is the ten millions digit of 395483834?
9
What is the tens digit of 24267189?
8
What is the hundred millions digit of 1114209305?
1
What is the units digit of 4464872?
2
What is the ten millions digit of 2724230931?
2
What is the tens digit of 111423698?
9
What is the thousands digit of 97446157?
6
What is the ten millions digit of 7206613618?
0
What is the hundred thousands digit of 667952414?
9
What is the thousands digit of 367493041?
3
What is the hundreds digit of 34115412?
4
What is the hundred thousands digit of 73559908?
5
What is the thousands digit of 5614503?
4
What is the hundred millions digit of 915005736?
9
What is the hundred millions digit of 922006063?
9
What is the hundred thousands digit of 37163249?
1
What is the hundred thousands digit of 1824101869?
1
What is the units digit of 57197021?
1
What is the ten millions digit of 32199877?
3
What is the units digit of 3537370469?
9
What is the thousands digit of 95559888?
9
What is the tens digit of 41814705?
0
What is the units digit of 1350474885?
5
What is the millions digit of 6076247299?
6
What is the hundred thousands digit of 843058487?
0
What is the millions digit of 433233778?
3
What is the millions digit of 194798639?
4
What is the units digit of 71741082?
2
What is the ten thousands digit of 1484883058?
8
What is the hundreds digit of 3828693287?
2
What is the ten thousands digit of 313806530?
0
What is the millions digit of 571932003?
1
What is the thousands digit of 753558803?
8
What is the hundreds digit of 94702587?
5
What is the hundreds digit of 55938492?
4
What is the hundred thousands digit of 50530239?
5
What is the units digit of 3445602?
2
What is the hundred thousands digit of 6638616?
6
What is the hundreds digit of 575331?
3
What is the ten thousands digit of 179950130?
5
What is the tens digit of 19625624?
2
What is the billions digit of 3250610887?
3
What is the thousands digit of 45802183?
2
What is the hundred millions digit of 4672402801?
6
What is the thousands digit of 61384893?
4
What is the tens di